).
2
Let o(q) = -8*q - 2. Let d be ((-3)/(-1) - -1) + 228/76. Give o(d).
-58
Let i(w) be the second derivative of w**4/12 - 5*w**3/6 - w**2/2 - 4*w + 11. Give i(4).
-5
Let r(u) = u + 1. Suppose m + 5*w - 5 + 0 = 0, 3*w - 27 = -3*m. Suppose -7*h + m*h = 15. Suppose h*s = 10*s + 20. Determine r(s).
-3
Let b(v) be the second derivative of v**6/120 - v**5/12 + 5*v**4/24 - v**3/6 + 14*v**2 - 37*v. Let i(p) be the first derivative of b(p). Calculate i(4).
3
Let q(d) = -13*d**2 + 5*d - 6. Let r(l) = 71*l**2 - 25*l + 32. Let n(x) = -11*q(x) - 2*r(x). Suppose 4*t - 21 = -1. Determine n(t).
2
Let y be 18/(-15)*(18/4 + -7). Let x(u) be the first derivative of y*u - 4 + 3/2*u**2. Give x(3).
12
Let f be -1 + 2/(-2) + 1. Let r(q) be the second derivative of q**4/12 - q**3/6 + 6*q. Let w(x) = -4*x**2 + 3. Let t(o) = f*w(o) - 5*r(o). Determine t(4).
1
Let x(b) = -4*b + 14*b - 5*b - 6*b. Give x(10).
-10
Let h(v) be the second derivative of -v**6/60 + v**5/20 - v**4/12 + 7*v**2/2 + 15*v. Let t(r) be the first derivative of h(r). Give t(2).
-8
Suppose 0 = 195*b - 193*b. Let n(d) be the third derivative of 0*d + 4*d**2 - 1/60*d**5 + b + 1/2*d**3 + 0*d**4. Determine n(-3).
-6
Let t(p) = -p**2 + 21*p - 6. Let f be t(21). Let u(h) = 1 - h + 6 - 1. Give u(f).
12
Let w(r) = 8*r - 7. Suppose 9*c = 25 + 38. Calculate w(c).
49
Let w(f) = -2*f**3 + 18*f**2 + 22*f - 29. Let m be w(10). Let b(u) = -u - 7. Calculate b(m).
2
Let w(o) = -22*o**3 + 303*o**2 - 290*o**2 + o - 18 + 21*o**3. Determine w(13).
-5
Let y(u) = 1 + 15*u - 15*u + 2 + 9*u**3 + 8*u**2. Let n(l) = -7*l**3 - 7*l**2 + l - 4. Let b(w) = 4*n(w) + 3*y(w). Suppose -5 = -2*d + 3*d. Give b(d).
-2
Let a(s) be the first derivative of s**4/4 - 3*s**3 - s**2 - 129. Give a(9).
-18
Let q(l) be the first derivative of -l**2/2 + l + 175. Calculate q(1).
0
Let k(l) be the first derivative of -l**4/4 - 7*l**3/3 + 7*l**2/2 - 7*l - 82. Give k(-8).
1
Let b = -414 + 410. Let c(f) = -f**3 - 3*f**2 + 5*f - 1. Determine c(b).
-5
Let q(g) be the first derivative of 5*g**2 - 5*g + 586. Give q(-4).
-45
Let y(a) = -3*a**3 + 5*a**2 + 7*a + 4. Let g be -6 - (1 + 3 + -5). Let t(d) = -4*d**3 + 5*d**2 + 8*d + 5. Let p(f) = g*y(f) + 4*t(f). Determine p(-4).
-4
Let m be 0/((-25)/(-5) - 3). Suppose m = -12*w + 11*w - 2. Let s(h) be the third derivative of -h**5/30 + h**3/3 + h**2. Determine s(w).
-6
Let q be 4/22 + 1410/110. Let i(g) = 40 - g - q - 23. Give i(4).
0
Suppose -5*d - 2*n + 18 = 2*n, 0 = -4*d - 3*n + 14. Suppose -3*w = -9, -3*b + 3*w = w. Let z(i) = 3*i**b - 7*i**3 + 14*i**3 - d*i**2 + i - 1. What is z(1)?
8
Let l(m) = 8*m**2 - 5*m - 2. Let a(z) = 13*z**2 - 7*z - 3. Let v(q) = -5*a(q) + 8*l(q). Determine v(-6).
-7
Let x(p) = -49 + 414*p + 23 - 416*p. Calculate x(-16).
6
Let v = 0 - -11. Suppose v*n - 7*n - 12 = 0. Let c(l) be the first derivative of 5*l**2/2 - 3*l + 1. What is c(n)?
12
Let x(b) be the second derivative of 0 - 1/6*b**3 - 39*b + 3/2*b**2. Calculate x(6).
-3
Let b = -55 - -58. Let m = -10 - -4. Let g(f) = -1. Let a(d) = -d**2 + d + 4. Let y(n) = m*g(n) - a(n). Calculate y(b).
8
Let g(s) = s**3 - 10*s**2 - s + 10. Let q be g(10). Let a(i) = -4*i**2 + q*i + 4*i + 2*i. Let j(w) = w**2 - w + 1. Let h(l) = -a(l) - 2*j(l). What is h(4)?
14
Let g(x) = 12*x**2 - 1. Let m(y) = y**2 + 6*y + 4. Let o be m(-5). Determine g(o).
11
Let v = 1042 + -1036. Let y(k) be the first derivative of v*k + 5/3*k**3 + 3/2*k**2 - 1/4*k**4 - 10. What is y(6)?
-12
Let n be (1/(-2))/(7/(-42)). Let q be (-1 + 2 - 0)/1. Let x(d) = d - q - n*d - 4. Calculate x(-4).
3
Let r be 80/10 - 8/1. Let g(n) = n + 23. Give g(r).
23
Let m(k) be the first derivative of -k**4/4 - 5*k**3/3 + k - 580. Let r be 3/(-12) + 38/(-8). Give m(r).
1
Let v(t) = t**2 - 6*t + 6. Suppose 0 = -5*p, -5*z - 5 = -6*p + 2*p. Let m(d) = 12*d - 1. Let n be m(z). Let a = -8 - n. Determine v(a).
1
Let m(b) = -65 + b**2 + 9 + 18 + 19 + 11. Give m(3).
1
Let i(m) = m**2 + 4. Suppose 8*k + 50 - 90 = 0. What is i(k)?
29
Suppose -91*c + 40 = 313. Let q(f) = f**3 + 2*f**2 - 2*f + 7. Calculate q(c).
4
Let h = 460 + -456. Let l(k) = 2*k - 4. Give l(h).
4
Suppose p - 3 = 12. Suppose -3*h = -3*f - p, 5*h - 4*f - 18 = 3. Suppose 3*x = -3, -5*a + x - h = -4*a. Let r(i) = 3*i**2 + 2*i - 1. Calculate r(a).
7
Let d(p) = -5*p - 6. Let k(j) = -j - 1. Let y be (-9 - -7) + (-5)/(-1). Let c(f) = y*k(f) - d(f). Let r be -6*(-8)/(-12)*1. Give c(r).
-5
Let c(r) = r**3 + 4*r**2 - 6*r + 7. Suppose -5*d = -d - 56. Let z = d - 7. Suppose 2*q + 3*k + 26 = z*k, 0 = 5*q - 5*k + 45. What is c(q)?
12
Let i(h) be the first derivative of 9*h + 1/3*h**3 - 14 + 1/2*h**2 + 1/4*h**4. What is i(0)?
9
Let q(p) be the third derivative of 0 - 1/3*p**4 + 0*p + 1/6*p**3 - 16*p**2. What is q(-1)?
9
Let r(b) = b**3 - b**2 + b. Let l(s) = 19*s**3 - 8*s**2 + 6*s + 1. Let k(a) = l(a) - 6*r(a). Determine k(1).
12
Let s(q) = 3*q**3 - 2*q**2 + 2*q - 1. Suppose 0 = -5*x + 4*x + 23. Let g = 24 - x. Determine s(g).
2
Let m = 56 - 59. Let g(w) be the second derivative of -2/3*w**3 + 0 - 5*w - w**2. What is g(m)?
10
Let m(s) be the first derivative of -s**2 + 5*s + 14. Calculate m(-4).
13
Let k(d) be the second derivative of -d**3/6 - 5*d**2/2 + 2*d + 33. What is k(7)?
-12
Let l = 695 + -694. Let m(y) = -15*y**3 + 5*y**2 - 5*y. Let s(a) = 30*a**3 - 9*a**2 + 9*a. Let g(j) = 11*m(j) + 6*s(j). Determine g(l).
15
Let r(n) = -13*n - 102. Let b be r(-8). Let t(q) = -2*q**3 + 3*q - 1. Give t(b).
-11
Let f be (-3)/3 + 4*1. Let v(x) = -21*x + 6. Let a(d) = -4. Let w(q) = q - 3. Let n(c) = 2*a(c) - 3*w(c). Let i(g) = -15*n(g) + 2*v(g). What is i(f)?
6
Let p be 5*(-1 + 0) - 0/(-2). Let w(t) = t**3 + 3*t**2 - 6*t + 7. Give w(p).
-13
Let b(k) = 219*k - 449*k + 228*k + 8. Calculate b(4).
0
Suppose 2*w - 16 = -4*d, -3*w + 7*d - 9 = 2*d. Let s(x) = 43*x + 9. Let o(u) = 101*u + 20. Let t(n) = 3*o(n) - 7*s(n). Determine t(w).
1
Let m(u) = -u**3 - 4*u**2 + u - 4. Let q(p) = -5*p**3 - 21*p**2 + 4*p - 21. Let g(o) = 11*m(o) - 2*q(o). Let d be 10/(-4) + 4/(-8). Give g(d).
-2
Let l = 22 + -19. Let t(i) = -i**2 + l + 0*i - 4*i + 5*i - 2*i. Let x be 1/(-2)*(-7 + 1). What is t(x)?
-9
Let w = -5 - -7. Suppose w - 16 = -2*d. Suppose 2*m = d*m - 5. Let n(k) = -12*k**2 - 1. Determine n(m).
-13
Let a(u) be the first derivative of u - 1/3*u**3 - 14 - 1/2*u**2 + 1/4*u**4. Suppose 3*y + 7 = 5*d, 5*d + 2*y = 6 + 6. Determine a(d).
3
Let y(r) be the first derivative of -15*r**2 + r + 312. Give y(1).
-29
Let d(b) = 2*b**2 - 4*b + 2. Let l be d(2). Let v(u) = -2*u + 5*u**l + 1 - 6*u**2 + 0*u - 5*u. What is v(-6)?
7
Let x(c) = -c - 10. Let z be x(-10). Let d be z*-1*2/4. Let j(y) = y**2 + y + 6. Calculate j(d).
6
Let k(r) be the third derivative of 0*r**4 + 0 + 1/2*r**3 - 1/120*r**6 - 24*r**2 + 0*r - 1/15*r**5. Suppose 0 = 4*s - 3*f + 7, s + 9 = -4*f - 7. Determine k(s).
3
Let r = -19 - -41. Suppose 4*q + 5 = -q, q + r = 3*v. Let z(j) = -j**3 + 8*j**2 - 8*j + 7. What is z(v)?
0
Let s(k) be the first derivative of 5/3*k**3 + 10 + 2*k + 1/4*k**4 + 1/2*k**2. Give s(-5).
-3
Let f(q) = q**2 + 2*q + 3. Let y(u) = -u**2 - u - 2. Let r(o) = -4*f(o) - 3*y(o). Let n(a) = a**2 + 4*a. Let d be n(-2). Determine r(d).
-2
Let l(n) = -7*n**3 - 1. Let v = 0 + 0. Suppose v = r + 2 - 3. Determine l(r).
-8
Let y(w) be the second derivative of w**6/120 + w**5/12 + w**4/12 - 2*w**3/3 - 5*w**2/2 - 24*w. Let j(t) be the first derivative of y(t). Give j(-3).
8
Let p(v) = 38 + 2*v**2 - 38 + v. Let z = 15 - 13. Determine p(z).
10
Let c(h) be the second derivative of -h**4/12 + 3*h**3/2 - 15*h**2/2 + h - 351. What is c(3)?
3
Let l(u) = -2 + 15 - 6*u**2 + 5*u**2 + 0 + 6*u. What is l(7)?
6
Let m(w) = -w - 12. Let c be m(-7). Let g = c - -7. Let f(p) = 3*p**2 - p - 1. Let r(b) = 7*b**2 - 6. Let x(z) = 3*f(z) - r(z). What is x(g)?
5
Let s(m) = -m - 1. Let x(g) = -3 + 0 + 3 - 4*g - 3. Let z(h) = 7*s(h) - 2*x(h). What is z(4)?
3
Let q(a) = a - 8. Let u(f) = -f**3 - 1. Let r(x) = -7*x**3 - 7*x**2 - 8*x - 12. Let k(b) = -r(b) + 6*u(b). Let i be k(-6). Give q(i).
-14
Suppose 4*b - 19 - 1 = 4*g, 0 = 3*b - 15. Let o(n) = n**3 + n**2 - 2*n + 16. Give o(g).
16
Let y(o) = 18*o - 112. Let r be y(7). Let m(t) = 3*t + 14. Give m(r).
56
Let n(t) be the first derivative of t**6/120 + t**5/12 + t**4/6 + t**3/2 + 2*t**2 + 10. 